{"id":171,"date":"2017-03-09T15:16:00","date_gmt":"2017-03-09T15:16:00","guid":{"rendered":"http:\/\/localhost\/tron\/?page_id=171"},"modified":"2018-01-23T16:47:00","modified_gmt":"2018-01-23T16:47:00","slug":"penzugyi-menedzsment","status":"publish","type":"page","link":"https:\/\/tron.hu\/index.php\/penzugyi-menedzsment\/","title":{"rendered":"P\u00e9nz\u00fcgyi menedzsment"},"content":{"rendered":"<p>A p\u00e9nz\u00fcgy menedzsment fejleszt\u00e9s alatt \u00e1ll\u00f3 eszk\u00f6zeib\u0151l el\u00e9rhet\u0151k m\u00e1r a<\/p>\n<ul>\n<li>controlling<\/li>\n<li>beszerz\u00e9s, gy\u00e1rt\u00e1s \u00e9s \u00e9rt\u00e9kes\u00edt\u00e9s k\u00f6lts\u00e9g tervez\u00e9si \u00e9s elsz\u00e1mol\u00e1si<\/li>\n<\/ul>\n<p>funkci\u00f3i, amelyek seg\u00edtik v\u00e1llalati folyamatainak p\u00e9nz\u00fcgyi ellen\u0151rz\u00e9s\u00e9ben valamint a beszerz\u00e9si, a gy\u00e1rt\u00e1si \u00e9s az \u00e9rt\u00e9kes\u00edt\u00e9si folyamatok el\u0151zetes k\u00f6lts\u00e9g tervez\u00e9s\u00e9ben \u00e9s a t\u00e9nyleges k\u00f6lts\u00e9gek elsz\u00e1mol\u00e1s\u00e1ban, a k\u00f6lts\u00e9g tervez\u00e9sek ellen\u0151rz\u00e9s\u00e9ben.<\/p>\n","protected":false},"excerpt":{"rendered":"<p>A p\u00e9nz\u00fcgy menedzsment fejleszt\u00e9s alatt \u00e1ll\u00f3 eszk\u00f6zeib\u0151l el\u00e9rhet\u0151k m\u00e1r a controlling beszerz\u00e9s, gy\u00e1rt\u00e1s \u00e9s \u00e9rt\u00e9kes\u00edt\u00e9s k\u00f6lts\u00e9g tervez\u00e9si \u00e9s elsz\u00e1mol\u00e1si funkci\u00f3i, amelyek seg\u00edtik v\u00e1llalati folyamatainak p\u00e9nz\u00fcgyi ellen\u0151rz\u00e9s\u00e9ben valamint a beszerz\u00e9si, a gy\u00e1rt\u00e1si \u00e9s az \u00e9rt\u00e9kes\u00edt\u00e9si folyamatok el\u0151zetes k\u00f6lts\u00e9g tervez\u00e9s\u00e9ben \u00e9s a t\u00e9nyleges k\u00f6lts\u00e9gek elsz\u00e1mol\u00e1s\u00e1ban, a k\u00f6lts\u00e9g tervez\u00e9sek ellen\u0151rz\u00e9s\u00e9ben.<\/p>\n","protected":false},"author":1,"featured_media":266,"parent":0,"menu_order":0,"comment_status":"closed","ping_status":"closed","template":"","meta":{"footnotes":""},"yoast_head":"<!-- This site is optimized with the Yoast SEO plugin v22.4 - https:\/\/yoast.com\/wordpress\/plugins\/seo\/ -->\n<title>P\u00e9nz\u00fcgyi menedzsment - TRON Integr\u00e1lt V\u00e1llalatir\u00e1ny\u00edt\u00e1si Rendszer<\/title>\n<meta name=\"robots\" content=\"index, follow, max-snippet:-1, max-image-preview:large, max-video-preview:-1\" \/>\n<link rel=\"canonical\" href=\"https:\/\/tron.hu\/index.php\/penzugyi-menedzsment\/\" \/>\n<meta property=\"og:locale\" content=\"hu_HU\" \/>\n<meta property=\"og:type\" content=\"article\" \/>\n<meta property=\"og:title\" content=\"P\u00e9nz\u00fcgyi menedzsment - TRON Integr\u00e1lt V\u00e1llalatir\u00e1ny\u00edt\u00e1si Rendszer\" \/>\n<meta property=\"og:description\" content=\"A p\u00e9nz\u00fcgy menedzsment fejleszt\u00e9s alatt \u00e1ll\u00f3 eszk\u00f6zeib\u0151l el\u00e9rhet\u0151k m\u00e1r a controlling beszerz\u00e9s, gy\u00e1rt\u00e1s \u00e9s \u00e9rt\u00e9kes\u00edt\u00e9s k\u00f6lts\u00e9g tervez\u00e9si \u00e9s elsz\u00e1mol\u00e1si funkci\u00f3i, amelyek seg\u00edtik v\u00e1llalati folyamatainak p\u00e9nz\u00fcgyi ellen\u0151rz\u00e9s\u00e9ben valamint a beszerz\u00e9si, a gy\u00e1rt\u00e1si \u00e9s az \u00e9rt\u00e9kes\u00edt\u00e9si folyamatok el\u0151zetes k\u00f6lts\u00e9g tervez\u00e9s\u00e9ben \u00e9s a t\u00e9nyleges k\u00f6lts\u00e9gek elsz\u00e1mol\u00e1s\u00e1ban, a k\u00f6lts\u00e9g tervez\u00e9sek ellen\u0151rz\u00e9s\u00e9ben.\" \/>\n<meta property=\"og:url\" content=\"https:\/\/tron.hu\/index.php\/penzugyi-menedzsment\/\" \/>\n<meta property=\"og:site_name\" content=\"TRON Integr\u00e1lt V\u00e1llalatir\u00e1ny\u00edt\u00e1si Rendszer\" \/>\n<meta property=\"article:modified_time\" content=\"2018-01-23T16:47:00+00:00\" \/>\n<meta property=\"og:image\" content=\"https:\/\/tron.hu\/wp-content\/uploads\/2017\/03\/fs-banner-1.jpg\" \/>\n\t<meta property=\"og:image:width\" content=\"800\" \/>\n\t<meta property=\"og:image:height\" content=\"350\" \/>\n\t<meta property=\"og:image:type\" content=\"image\/jpeg\" \/>\n<meta name=\"twitter:card\" content=\"summary_large_image\" \/>\n<script type=\"application\/ld+json\" class=\"yoast-schema-graph\">{\"@context\":\"https:\/\/schema.org\",\"@graph\":[{\"@type\":\"WebPage\",\"@id\":\"https:\/\/tron.hu\/index.php\/penzugyi-menedzsment\/\",\"url\":\"https:\/\/tron.hu\/index.php\/penzugyi-menedzsment\/\",\"name\":\"P\u00e9nz\u00fcgyi menedzsment - TRON Integr\u00e1lt V\u00e1llalatir\u00e1ny\u00edt\u00e1si Rendszer\",\"isPartOf\":{\"@id\":\"https:\/\/tron.hu\/#website\"},\"primaryImageOfPage\":{\"@id\":\"https:\/\/tron.hu\/index.php\/penzugyi-menedzsment\/#primaryimage\"},\"image\":{\"@id\":\"https:\/\/tron.hu\/index.php\/penzugyi-menedzsment\/#primaryimage\"},\"thumbnailUrl\":\"https:\/\/tron.hu\/wp-content\/uploads\/2017\/03\/fs-banner-1.jpg\",\"datePublished\":\"2017-03-09T15:16:00+00:00\",\"dateModified\":\"2018-01-23T16:47:00+00:00\",\"breadcrumb\":{\"@id\":\"https:\/\/tron.hu\/index.php\/penzugyi-menedzsment\/#breadcrumb\"},\"inLanguage\":\"hu\",\"potentialAction\":[{\"@type\":\"ReadAction\",\"target\":[\"https:\/\/tron.hu\/index.php\/penzugyi-menedzsment\/\"]}]},{\"@type\":\"ImageObject\",\"inLanguage\":\"hu\",\"@id\":\"https:\/\/tron.hu\/index.php\/penzugyi-menedzsment\/#primaryimage\",\"url\":\"https:\/\/tron.hu\/wp-content\/uploads\/2017\/03\/fs-banner-1.jpg\",\"contentUrl\":\"https:\/\/tron.hu\/wp-content\/uploads\/2017\/03\/fs-banner-1.jpg\",\"width\":800,\"height\":350},{\"@type\":\"BreadcrumbList\",\"@id\":\"https:\/\/tron.hu\/index.php\/penzugyi-menedzsment\/#breadcrumb\",\"itemListElement\":[{\"@type\":\"ListItem\",\"position\":1,\"name\":\"Home\",\"item\":\"https:\/\/tron.hu\/\"},{\"@type\":\"ListItem\",\"position\":2,\"name\":\"P\u00e9nz\u00fcgyi menedzsment\"}]},{\"@type\":\"WebSite\",\"@id\":\"https:\/\/tron.hu\/#website\",\"url\":\"https:\/\/tron.hu\/\",\"name\":\"TRON Integr\u00e1lt V\u00e1llalatir\u00e1ny\u00edt\u00e1si Rendszer\",\"description\":\"Inform\u00e1ci\u00f3, ir\u00e1ny\u00edt\u00e1s, ellen\u0151rz\u00e9s!\",\"potentialAction\":[{\"@type\":\"SearchAction\",\"target\":{\"@type\":\"EntryPoint\",\"urlTemplate\":\"https:\/\/tron.hu\/?s={search_term_string}\"},\"query-input\":\"required name=search_term_string\"}],\"inLanguage\":\"hu\"}]}<\/script>\n<!-- \/ Yoast SEO plugin. -->","yoast_head_json":{"title":"P\u00e9nz\u00fcgyi menedzsment - TRON Integr\u00e1lt V\u00e1llalatir\u00e1ny\u00edt\u00e1si Rendszer","robots":{"index":"index","follow":"follow","max-snippet":"max-snippet:-1","max-image-preview":"max-image-preview:large","max-video-preview":"max-video-preview:-1"},"canonical":"https:\/\/tron.hu\/index.php\/penzugyi-menedzsment\/","og_locale":"hu_HU","og_type":"article","og_title":"P\u00e9nz\u00fcgyi menedzsment - TRON Integr\u00e1lt V\u00e1llalatir\u00e1ny\u00edt\u00e1si Rendszer","og_description":"A p\u00e9nz\u00fcgy menedzsment fejleszt\u00e9s alatt \u00e1ll\u00f3 eszk\u00f6zeib\u0151l el\u00e9rhet\u0151k m\u00e1r a controlling beszerz\u00e9s, gy\u00e1rt\u00e1s \u00e9s \u00e9rt\u00e9kes\u00edt\u00e9s k\u00f6lts\u00e9g tervez\u00e9si \u00e9s elsz\u00e1mol\u00e1si funkci\u00f3i, amelyek seg\u00edtik v\u00e1llalati folyamatainak p\u00e9nz\u00fcgyi ellen\u0151rz\u00e9s\u00e9ben valamint a beszerz\u00e9si, a gy\u00e1rt\u00e1si \u00e9s az \u00e9rt\u00e9kes\u00edt\u00e9si folyamatok el\u0151zetes k\u00f6lts\u00e9g tervez\u00e9s\u00e9ben \u00e9s a t\u00e9nyleges k\u00f6lts\u00e9gek elsz\u00e1mol\u00e1s\u00e1ban, a k\u00f6lts\u00e9g tervez\u00e9sek ellen\u0151rz\u00e9s\u00e9ben.","og_url":"https:\/\/tron.hu\/index.php\/penzugyi-menedzsment\/","og_site_name":"TRON Integr\u00e1lt V\u00e1llalatir\u00e1ny\u00edt\u00e1si Rendszer","article_modified_time":"2018-01-23T16:47:00+00:00","og_image":[{"width":800,"height":350,"url":"https:\/\/tron.hu\/wp-content\/uploads\/2017\/03\/fs-banner-1.jpg","type":"image\/jpeg"}],"twitter_card":"summary_large_image","schema":{"@context":"https:\/\/schema.org","@graph":[{"@type":"WebPage","@id":"https:\/\/tron.hu\/index.php\/penzugyi-menedzsment\/","url":"https:\/\/tron.hu\/index.php\/penzugyi-menedzsment\/","name":"P\u00e9nz\u00fcgyi menedzsment - TRON Integr\u00e1lt V\u00e1llalatir\u00e1ny\u00edt\u00e1si Rendszer","isPartOf":{"@id":"https:\/\/tron.hu\/#website"},"primaryImageOfPage":{"@id":"https:\/\/tron.hu\/index.php\/penzugyi-menedzsment\/#primaryimage"},"image":{"@id":"https:\/\/tron.hu\/index.php\/penzugyi-menedzsment\/#primaryimage"},"thumbnailUrl":"https:\/\/tron.hu\/wp-content\/uploads\/2017\/03\/fs-banner-1.jpg","datePublished":"2017-03-09T15:16:00+00:00","dateModified":"2018-01-23T16:47:00+00:00","breadcrumb":{"@id":"https:\/\/tron.hu\/index.php\/penzugyi-menedzsment\/#breadcrumb"},"inLanguage":"hu","potentialAction":[{"@type":"ReadAction","target":["https:\/\/tron.hu\/index.php\/penzugyi-menedzsment\/"]}]},{"@type":"ImageObject","inLanguage":"hu","@id":"https:\/\/tron.hu\/index.php\/penzugyi-menedzsment\/#primaryimage","url":"https:\/\/tron.hu\/wp-content\/uploads\/2017\/03\/fs-banner-1.jpg","contentUrl":"https:\/\/tron.hu\/wp-content\/uploads\/2017\/03\/fs-banner-1.jpg","width":800,"height":350},{"@type":"BreadcrumbList","@id":"https:\/\/tron.hu\/index.php\/penzugyi-menedzsment\/#breadcrumb","itemListElement":[{"@type":"ListItem","position":1,"name":"Home","item":"https:\/\/tron.hu\/"},{"@type":"ListItem","position":2,"name":"P\u00e9nz\u00fcgyi menedzsment"}]},{"@type":"WebSite","@id":"https:\/\/tron.hu\/#website","url":"https:\/\/tron.hu\/","name":"TRON Integr\u00e1lt V\u00e1llalatir\u00e1ny\u00edt\u00e1si Rendszer","description":"Inform\u00e1ci\u00f3, ir\u00e1ny\u00edt\u00e1s, ellen\u0151rz\u00e9s!","potentialAction":[{"@type":"SearchAction","target":{"@type":"EntryPoint","urlTemplate":"https:\/\/tron.hu\/?s={search_term_string}"},"query-input":"required name=search_term_string"}],"inLanguage":"hu"}]}},"post_mailing_queue_ids":[],"_links":{"self":[{"href":"https:\/\/tron.hu\/index.php\/wp-json\/wp\/v2\/pages\/171"}],"collection":[{"href":"https:\/\/tron.hu\/index.php\/wp-json\/wp\/v2\/pages"}],"about":[{"href":"https:\/\/tron.hu\/index.php\/wp-json\/wp\/v2\/types\/page"}],"author":[{"embeddable":true,"href":"https:\/\/tron.hu\/index.php\/wp-json\/wp\/v2\/users\/1"}],"replies":[{"embeddable":true,"href":"https:\/\/tron.hu\/index.php\/wp-json\/wp\/v2\/comments?post=171"}],"version-history":[{"count":2,"href":"https:\/\/tron.hu\/index.php\/wp-json\/wp\/v2\/pages\/171\/revisions"}],"predecessor-version":[{"id":407,"href":"https:\/\/tron.hu\/index.php\/wp-json\/wp\/v2\/pages\/171\/revisions\/407"}],"wp:featuredmedia":[{"embeddable":true,"href":"https:\/\/tron.hu\/index.php\/wp-json\/wp\/v2\/media\/266"}],"wp:attachment":[{"href":"https:\/\/tron.hu\/index.php\/wp-json\/wp\/v2\/media?parent=171"}],"curies":[{"name":"wp","href":"https:\/\/api.w.org\/{rel}","templated":true}]}}